{"id":693,"date":"2025-11-18T02:39:24","date_gmt":"2025-11-18T00:39:24","guid":{"rendered":"https:\/\/artesaniaolmedo.com\/?post_type=product&#038;p=693"},"modified":"2025-11-18T02:39:24","modified_gmt":"2025-11-18T00:39:24","slug":"cuadro-madera-spotify","status":"publish","type":"product","link":"https:\/\/artesaniaolmedo.com\/?product=cuadro-madera-spotify","title":{"rendered":"Cuadro Madera Spotify"},"content":{"rendered":"<p>Cuadro de madera con foto grabada a l\u00e1ser sobre tablero mdf blanco y c\u00f3digo de canci\u00f3n en el marco.<\/p>\n","protected":false},"excerpt":{"rendered":"<p>Cuadro de madera con foto grabada a l\u00e1ser sobre tablero mdf blanco y c\u00f3digo de canci\u00f3n en el marco.<\/p>\n","protected":false},"featured_media":694,"comment_status":"open","ping_status":"closed","template":"","meta":[],"product_brand":[],"product_cat":[91],"product_tag":[93,22,48],"class_list":{"0":"post-693","1":"product","2":"type-product","3":"status-publish","4":"has-post-thumbnail","6":"product_cat-cuadros","7":"product_tag-cuadro","8":"product_tag-laser","9":"product_tag-madera","10":"pa_color-blanco","11":"pa_color-madera","12":"pa_material-melamina","14":"first","15":"instock","16":"shipping-taxable","17":"purchasable","18":"product-type-simple"},"yoast_head":"<!-- This site is optimized with the Yoast SEO plugin v27.2 - https:\/\/yoast.com\/product\/yoast-seo-wordpress\/ -->\n<title>Cuadro Madera Spotify - Artesan\u00eda Olmedo<\/title>\n<meta name=\"robots\" content=\"index, follow, max-snippet:-1, max-image-preview:large, max-video-preview:-1\" \/>\n<link rel=\"canonical\" href=\"https:\/\/artesaniaolmedo.com\/?product=cuadro-madera-spotify\" \/>\n<script type=\"application\/ld+json\" class=\"yoast-schema-graph\">{\"@context\":\"https:\/\/schema.org\",\"@graph\":[{\"@type\":\"WebPage\",\"@id\":\"https:\/\/artesaniaolmedo.com\/?product=cuadro-madera-spotify\",\"url\":\"https:\/\/artesaniaolmedo.com\/?product=cuadro-madera-spotify\",\"name\":\"Cuadro Madera Spotify - Artesan\u00eda Olmedo\",\"isPartOf\":{\"@id\":\"https:\/\/artesaniaolmedo.com\/#website\"},\"primaryImageOfPage\":{\"@id\":\"https:\/\/artesaniaolmedo.com\/?product=cuadro-madera-spotify#primaryimage\"},\"image\":{\"@id\":\"https:\/\/artesaniaolmedo.com\/?product=cuadro-madera-spotify#primaryimage\"},\"thumbnailUrl\":\"https:\/\/artesaniaolmedo.com\/wp-content\/uploads\/2025\/11\/tablero.jpg\",\"datePublished\":\"2025-11-18T00:39:24+00:00\",\"breadcrumb\":{\"@id\":\"https:\/\/artesaniaolmedo.com\/?product=cuadro-madera-spotify#breadcrumb\"},\"inLanguage\":\"es\",\"potentialAction\":[{\"@type\":\"ReadAction\",\"target\":[\"https:\/\/artesaniaolmedo.com\/?product=cuadro-madera-spotify\"]}]},{\"@type\":\"ImageObject\",\"inLanguage\":\"es\",\"@id\":\"https:\/\/artesaniaolmedo.com\/?product=cuadro-madera-spotify#primaryimage\",\"url\":\"https:\/\/artesaniaolmedo.com\/wp-content\/uploads\/2025\/11\/tablero.jpg\",\"contentUrl\":\"https:\/\/artesaniaolmedo.com\/wp-content\/uploads\/2025\/11\/tablero.jpg\",\"width\":600,\"height\":600},{\"@type\":\"BreadcrumbList\",\"@id\":\"https:\/\/artesaniaolmedo.com\/?product=cuadro-madera-spotify#breadcrumb\",\"itemListElement\":[{\"@type\":\"ListItem\",\"position\":1,\"name\":\"Portada\",\"item\":\"https:\/\/artesaniaolmedo.com\/\"},{\"@type\":\"ListItem\",\"position\":2,\"name\":\"Tienda\",\"item\":\"https:\/\/artesaniaolmedo.com\/?page_id=7\"},{\"@type\":\"ListItem\",\"position\":3,\"name\":\"Cuadro Madera Spotify\"}]},{\"@type\":\"WebSite\",\"@id\":\"https:\/\/artesaniaolmedo.com\/#website\",\"url\":\"https:\/\/artesaniaolmedo.com\/\",\"name\":\"Artesan\u00eda Olmedo\",\"description\":\"\",\"publisher\":{\"@id\":\"https:\/\/artesaniaolmedo.com\/#organization\"},\"potentialAction\":[{\"@type\":\"SearchAction\",\"target\":{\"@type\":\"EntryPoint\",\"urlTemplate\":\"https:\/\/artesaniaolmedo.com\/?s={search_term_string}\"},\"query-input\":{\"@type\":\"PropertyValueSpecification\",\"valueRequired\":true,\"valueName\":\"search_term_string\"}}],\"inLanguage\":\"es\"},{\"@type\":\"Organization\",\"@id\":\"https:\/\/artesaniaolmedo.com\/#organization\",\"name\":\"Artesan\u00eda Olmedo\",\"url\":\"https:\/\/artesaniaolmedo.com\/\",\"logo\":{\"@type\":\"ImageObject\",\"inLanguage\":\"es\",\"@id\":\"https:\/\/artesaniaolmedo.com\/#\/schema\/logo\/image\/\",\"url\":\"http:\/\/artesaniaolmedo.com\/wp-content\/uploads\/2025\/11\/cropped-logo.png\",\"contentUrl\":\"http:\/\/artesaniaolmedo.com\/wp-content\/uploads\/2025\/11\/cropped-logo.png\",\"width\":512,\"height\":512,\"caption\":\"Artesan\u00eda Olmedo\"},\"image\":{\"@id\":\"https:\/\/artesaniaolmedo.com\/#\/schema\/logo\/image\/\"},\"sameAs\":[\"https:\/\/www.instagram.com\/artesaniaolmedo\/\",\"https:\/\/www.tiktok.com\/@artesaniaolmedo\"]}]}<\/script>\n<!-- \/ Yoast SEO plugin. -->","yoast_head_json":{"title":"Cuadro Madera Spotify - Artesan\u00eda Olmedo","robots":{"index":"index","follow":"follow","max-snippet":"max-snippet:-1","max-image-preview":"max-image-preview:large","max-video-preview":"max-video-preview:-1"},"canonical":"https:\/\/artesaniaolmedo.com\/?product=cuadro-madera-spotify","schema":{"@context":"https:\/\/schema.org","@graph":[{"@type":"WebPage","@id":"https:\/\/artesaniaolmedo.com\/?product=cuadro-madera-spotify","url":"https:\/\/artesaniaolmedo.com\/?product=cuadro-madera-spotify","name":"Cuadro Madera Spotify - Artesan\u00eda Olmedo","isPartOf":{"@id":"https:\/\/artesaniaolmedo.com\/#website"},"primaryImageOfPage":{"@id":"https:\/\/artesaniaolmedo.com\/?product=cuadro-madera-spotify#primaryimage"},"image":{"@id":"https:\/\/artesaniaolmedo.com\/?product=cuadro-madera-spotify#primaryimage"},"thumbnailUrl":"https:\/\/artesaniaolmedo.com\/wp-content\/uploads\/2025\/11\/tablero.jpg","datePublished":"2025-11-18T00:39:24+00:00","breadcrumb":{"@id":"https:\/\/artesaniaolmedo.com\/?product=cuadro-madera-spotify#breadcrumb"},"inLanguage":"es","potentialAction":[{"@type":"ReadAction","target":["https:\/\/artesaniaolmedo.com\/?product=cuadro-madera-spotify"]}]},{"@type":"ImageObject","inLanguage":"es","@id":"https:\/\/artesaniaolmedo.com\/?product=cuadro-madera-spotify#primaryimage","url":"https:\/\/artesaniaolmedo.com\/wp-content\/uploads\/2025\/11\/tablero.jpg","contentUrl":"https:\/\/artesaniaolmedo.com\/wp-content\/uploads\/2025\/11\/tablero.jpg","width":600,"height":600},{"@type":"BreadcrumbList","@id":"https:\/\/artesaniaolmedo.com\/?product=cuadro-madera-spotify#breadcrumb","itemListElement":[{"@type":"ListItem","position":1,"name":"Portada","item":"https:\/\/artesaniaolmedo.com\/"},{"@type":"ListItem","position":2,"name":"Tienda","item":"https:\/\/artesaniaolmedo.com\/?page_id=7"},{"@type":"ListItem","position":3,"name":"Cuadro Madera Spotify"}]},{"@type":"WebSite","@id":"https:\/\/artesaniaolmedo.com\/#website","url":"https:\/\/artesaniaolmedo.com\/","name":"Artesan\u00eda Olmedo","description":"","publisher":{"@id":"https:\/\/artesaniaolmedo.com\/#organization"},"potentialAction":[{"@type":"SearchAction","target":{"@type":"EntryPoint","urlTemplate":"https:\/\/artesaniaolmedo.com\/?s={search_term_string}"},"query-input":{"@type":"PropertyValueSpecification","valueRequired":true,"valueName":"search_term_string"}}],"inLanguage":"es"},{"@type":"Organization","@id":"https:\/\/artesaniaolmedo.com\/#organization","name":"Artesan\u00eda Olmedo","url":"https:\/\/artesaniaolmedo.com\/","logo":{"@type":"ImageObject","inLanguage":"es","@id":"https:\/\/artesaniaolmedo.com\/#\/schema\/logo\/image\/","url":"http:\/\/artesaniaolmedo.com\/wp-content\/uploads\/2025\/11\/cropped-logo.png","contentUrl":"http:\/\/artesaniaolmedo.com\/wp-content\/uploads\/2025\/11\/cropped-logo.png","width":512,"height":512,"caption":"Artesan\u00eda Olmedo"},"image":{"@id":"https:\/\/artesaniaolmedo.com\/#\/schema\/logo\/image\/"},"sameAs":["https:\/\/www.instagram.com\/artesaniaolmedo\/","https:\/\/www.tiktok.com\/@artesaniaolmedo"]}]}},"_links":{"self":[{"href":"https:\/\/artesaniaolmedo.com\/index.php?rest_route=\/wp\/v2\/product\/693","targetHints":{"allow":["GET"]}}],"collection":[{"href":"https:\/\/artesaniaolmedo.com\/index.php?rest_route=\/wp\/v2\/product"}],"about":[{"href":"https:\/\/artesaniaolmedo.com\/index.php?rest_route=\/wp\/v2\/types\/product"}],"replies":[{"embeddable":true,"href":"https:\/\/artesaniaolmedo.com\/index.php?rest_route=%2Fwp%2Fv2%2Fcomments&post=693"}],"wp:featuredmedia":[{"embeddable":true,"href":"https:\/\/artesaniaolmedo.com\/index.php?rest_route=\/wp\/v2\/media\/694"}],"wp:attachment":[{"href":"https:\/\/artesaniaolmedo.com\/index.php?rest_route=%2Fwp%2Fv2%2Fmedia&parent=693"}],"wp:term":[{"taxonomy":"product_brand","embeddable":true,"href":"https:\/\/artesaniaolmedo.com\/index.php?rest_route=%2Fwp%2Fv2%2Fproduct_brand&post=693"},{"taxonomy":"product_cat","embeddable":true,"href":"https:\/\/artesaniaolmedo.com\/index.php?rest_route=%2Fwp%2Fv2%2Fproduct_cat&post=693"},{"taxonomy":"product_tag","embeddable":true,"href":"https:\/\/artesaniaolmedo.com\/index.php?rest_route=%2Fwp%2Fv2%2Fproduct_tag&post=693"}],"curies":[{"name":"wp","href":"https:\/\/api.w.org\/{rel}","templated":true}]}}